{"id":327,"date":"2025-01-16T12:47:12","date_gmt":"2025-01-16T11:47:12","guid":{"rendered":"https:\/\/concursbiblic.com\/?page_id=327"},"modified":"2025-01-20T10:31:24","modified_gmt":"2025-01-20T09:31:24","slug":"politica-privacitat","status":"publish","type":"page","link":"https:\/\/concursbiblic.com\/index.php\/politica-privacitat\/","title":{"rendered":"Pol\u00edtica privacitat"},"content":{"rendered":"\t\t<div data-elementor-type=\"wp-page\" data-elementor-id=\"327\" class=\"elementor elementor-327\">\n\t\t\t\t<div class=\"elementor-element elementor-element-2d419f50 e-flex e-con-boxed e-con e-parent\" data-id=\"2d419f50\" data-element_type=\"container\">\n\t\t\t\t\t<div class=\"e-con-inner\">\n\t\t\t\t<div class=\"elementor-element elementor-element-2f05a402 elementor-widget elementor-widget-heading\" data-id=\"2f05a402\" data-element_type=\"widget\" data-widget_type=\"heading.default\">\n\t\t\t\t<div class=\"elementor-widget-container\">\n\t\t\t\t\t<h1 class=\"elementor-heading-title elementor-size-default\">Pol\u00edtica de privacitat<\/h1>\t\t\t\t<\/div>\n\t\t\t\t<\/div>\n\t\t\t\t<div class=\"elementor-element elementor-element-3eab14ee elementor-widget-divider--view-line elementor-widget elementor-widget-divider\" data-id=\"3eab14ee\" data-element_type=\"widget\" data-widget_type=\"divider.default\">\n\t\t\t\t<div class=\"elementor-widget-container\">\n\t\t\t\t\t\t\t<div class=\"elementor-divider\">\n\t\t\t<span class=\"elementor-divider-separator\">\n\t\t\t\t\t\t<\/span>\n\t\t<\/div>\n\t\t\t\t\t\t<\/div>\n\t\t\t\t<\/div>\n\t\t\t\t\t<\/div>\n\t\t\t\t<\/div>\n\t\t<div class=\"elementor-element elementor-element-8d9d3c8 e-flex e-con-boxed e-con e-parent\" data-id=\"8d9d3c8\" data-element_type=\"container\">\n\t\t\t\t\t<div class=\"e-con-inner\">\n\t\t\t\t<div class=\"elementor-element elementor-element-d0cd918 elementor-widget elementor-widget-text-editor\" data-id=\"d0cd918\" data-element_type=\"widget\" data-widget_type=\"text-editor.default\">\n\t\t\t\t<div class=\"elementor-widget-container\">\n\t\t\t\t\t\t\t\t\t<p><b><span lang=\"CA\">El Responsable del tractament de les Dades<\/span><\/b><\/p><p><b><span lang=\"CA\">\u00a0<\/span><\/b><\/p><p><span lang=\"CA\">BISBAT DE TERRASSA I FEDERACI\u00d3 DE CRISTIANS DE CATALUNYA<\/span><\/p><p><span lang=\"CA\">CIF R0801782D &#8211; R0801584D<\/span><\/p><p><span lang=\"CA\">Domicili social al Carrer Vinyals, 47-49 08221 Terrassa (Barcelona) i Carrer de Cal\u00e0bria, 273, L&#8217;Eixample, 08029 (Barcelona).<\/span><\/p><p><span lang=\"CA\">Tel\u00e8fon 937 33 71 20.<\/span><\/p><p><span lang=\"CA\">Delegat de Protecci\u00f3 de Dades, per part del Bisbat de Terrassa: <\/span><span lang=\"CA\">protecciodades@bisbatdeterrassa.org<\/span><span lang=\"CA\">.<\/span><\/p><p><span lang=\"CA\">\u00a0<\/span><\/p><p><span lang=\"CA\">El BISBAT DE TERRASSA i la FEDERACI\u00d3 DE CRISTIANS DE CATALUNYA l\u2019informa, de conformitat amb l\u2019article 13 del Reglament (EU) 2016\/679 del Parlament Europeu i del Consell, de 27 d\u2019abril de 2016, relatiu a la protecci\u00f3 de les persones f\u00edsiques pel que fa al tractament de dades personals i la lliure circulaci\u00f3 d\u2019aquestes dades (en endavant, RGPD),\u00a0 que incorpora les seves dades personals a un fitxer de la nostra propietat, per tal de dur a terme la prestaci\u00f3 dels serveis oferts, aix\u00ed com per enviar per qualsevol mitj\u00e0, incl\u00f2s el correu electr\u00f2nic, ofertes de productes i serveis personalitzats, sempre que ens hagi donat el seu consentiment, i millorar la relaci\u00f3 i gestionar les peticions realitzades pels usuaris.<\/span><\/p><p><span lang=\"CA\">\u00a0<\/span><\/p><p><span lang=\"CA\">Els tractaments que realitzen a trav\u00e9s d\u2019aquesta web:<\/span><\/p><ol start=\"1\" type=\"1\"><li><b><span lang=\"CA\">Formularis d\u2019inscripci\u00f3 al concurs b\u00edblic<\/span><\/b><br \/><ol start=\"1\" type=\"1\"><li><span lang=\"CA\">Finalitat: Gestionar i coordinar les diferents activitats que s\u2019 organitzen dins de l&#8217;\u00e0mbit del Concurs B\u00edblic i poder inscriure els seus participants i treballs.<\/span><\/li><li><span lang=\"CA\">Legitimaci\u00f3: El consentiment de l\u2019 interessat.<\/span><\/li><li><span lang=\"CA\">Destinataris: Els diferents departaments en qu\u00e8 s\u2019 organitza el Concurs B\u00edblic i, si fos el cas, a terceres empreses que participen en el desenvolupament de l\u2019 activitat. A aquest efecte, el BISBAT DE TERRASSA i la FEDERACI\u00d3 DE CRISTIANS DE CATALUNYA signar\u00e0n en cada cas un contracte d\u2019 encarregat de tractament o de cessi\u00f3 de dades personals.<\/span><\/li><li><span lang=\"CA\">Per\u00edode de conservaci\u00f3: Les dades personals proporcionades es conservaran durant el termini per poder gestionar les finalitats indicades i en relaci\u00f3 amb l&#8217;enviament de comunicacions, mentre no se sol\u00b7liciti la supressi\u00f3 per l&#8217;interessat.\u00a0<\/span><\/li><\/ol><\/li><\/ol><p><span lang=\"CA\">\u00a0<\/span><\/p><p><span lang=\"CA\">Es garanteix la utilitzaci\u00f3 de les dades personals de forma confidencial, complint amb el grau de seguretat i protecci\u00f3 adequat, tenint en compte les mesures de seguretat legalment establertes per evitar la seva p\u00e8rdua, deteriorament i transfer\u00e8ncia o acc\u00e9s per part de tercers no autoritzats.<\/span><\/p><p><span lang=\"CA\">El BISBAT DE TERRASSA i la FEDERACI\u00d3 DE CRISTIANS DE CATALUNYA no tenen previst realitzar transfer\u00e8ncies internacionals de dades. En aquells sup\u00f2sits en qu\u00e8 sigui necessari, nom\u00e9s es realitzaran a entitats que hagin demostrat que compleixen amb el nivell de protecci\u00f3 de dades que exigeix la normativa o quan existeixi una habilitaci\u00f3 legal per realitzar la transfer\u00e8ncia internacional de dades.<\/span><\/p><p><span lang=\"CA\">En el cas que es doni el consentiment per a la publicaci\u00f3 de les imatges i\/o veu a les xarxes socials d\u2019acc\u00e9s no restringit com Facebook, Twitter, Instagram, YouTube, LinkedIn, etc., l\u2019informem que l\u2019\u00fas d\u2019aquests perfils implica la transfer\u00e8ncia internacional de dades. Les xarxes socials, quan realitzen una transfer\u00e8ncia internacional de dades, garanteixen que aquesta es duu a terme amb les garanties adequades que permetin als interessats exercir els seus drets exigibles i accions legals efectives.<\/span><\/p><p><span lang=\"CA\">En particular, pot exercir davant seu els seus drets d\u2019 acc\u00e9s, rectificaci\u00f3, supressi\u00f3, oposici\u00f3, limitaci\u00f3 del tractament i portabilitat de les dades, aix\u00ed com el dret a no estar subjecte a decisions individualitzades automatitzades. Si la base legal del tractament \u00e9s la prestaci\u00f3 del consentiment, tindr\u00e0 tamb\u00e9 dret a revocar aquest consentiment en qualsevol moment. En qualsevol cas, recordi que sempre pot presentar una reclamaci\u00f3 davant una autoritat de control (AEPD i\/o APDCAT).<\/span><\/p><p><span lang=\"CA\">Les seves dades es conservaran \u00fanicament durant el temps necessari per satisfer la necessitat per a la qual les va facilitar, o mentre es mantingui el consentiment, encara que la seva conservaci\u00f3 podr\u00e0 prolongar-se excepcionalment per terminis derivats de l\u2019 exercici d\u2019 accions de responsabilitat.<\/span><\/p><p><span lang=\"CA\">El BISBAT DE TERRASSA i la FEDERACI\u00d3 DE CRISTIANS DE CATALUNYA podr\u00e0n alterar la present Pol\u00edtica de Privacitat per adaptar-la a la legislaci\u00f3 sobre dades personals aplicable en cada moment. En aquests sup\u00f2sits, s\u2019 anunciar\u00e0 en aquesta p\u00e0gina els canvis introdu\u00efts amb raonable antelaci\u00f3 a la seva posada en pr\u00e0ctica.<\/span><\/p>\t\t\t\t\t\t\t\t<\/div>\n\t\t\t\t<\/div>\n\t\t\t\t\t<\/div>\n\t\t\t\t<\/div>\n\t\t\t\t<\/div>\n\t\t","protected":false},"excerpt":{"rendered":"<p>Pol\u00edtica de privacitat El Responsable del tractament de les Dades \u00a0 BISBAT DE TERRASSA I FEDERACI\u00d3 DE CRISTIANS DE CATALUNYA CIF R0801782D &#8211; R0801584D Domicili social al Carrer Vinyals, 47-49 08221 Terrassa (Barcelona) i Carrer de Cal\u00e0bria, 273, L&#8217;Eixample, 08029 (Barcelona). Tel\u00e8fon 937 33 71 20. Delegat de Protecci\u00f3 de Dades, per part del Bisbat [&hellip;]<\/p>\n","protected":false},"author":1,"featured_media":0,"parent":0,"menu_order":0,"comment_status":"closed","ping_status":"closed","template":"elementor_header_footer","meta":{"footnotes":""},"class_list":["post-327","page","type-page","status-publish","hentry"],"_links":{"self":[{"href":"https:\/\/concursbiblic.com\/index.php\/wp-json\/wp\/v2\/pages\/327","targetHints":{"allow":["GET"]}}],"collection":[{"href":"https:\/\/concursbiblic.com\/index.php\/wp-json\/wp\/v2\/pages"}],"about":[{"href":"https:\/\/concursbiblic.com\/index.php\/wp-json\/wp\/v2\/types\/page"}],"author":[{"embeddable":true,"href":"https:\/\/concursbiblic.com\/index.php\/wp-json\/wp\/v2\/users\/1"}],"replies":[{"embeddable":true,"href":"https:\/\/concursbiblic.com\/index.php\/wp-json\/wp\/v2\/comments?post=327"}],"version-history":[{"count":9,"href":"https:\/\/concursbiblic.com\/index.php\/wp-json\/wp\/v2\/pages\/327\/revisions"}],"predecessor-version":[{"id":531,"href":"https:\/\/concursbiblic.com\/index.php\/wp-json\/wp\/v2\/pages\/327\/revisions\/531"}],"wp:attachment":[{"href":"https:\/\/concursbiblic.com\/index.php\/wp-json\/wp\/v2\/media?parent=327"}],"curies":[{"name":"wp","href":"https:\/\/api.w.org\/{rel}","templated":true}]}}